{"id":867,"date":"2025-07-28T09:10:15","date_gmt":"2025-07-28T09:10:15","guid":{"rendered":"https:\/\/schutzschild.online\/?page_id=867"},"modified":"2025-12-31T16:42:59","modified_gmt":"2025-12-31T16:42:59","slug":"wie-steht-es-um-deine-sicherheit","status":"publish","type":"page","link":"https:\/\/schutzschild.org\/","title":{"rendered":"Wie sicher bin ich?"},"content":{"rendered":"\n<div class=\"wp-block-group alignfull\"><div class=\"wp-block-group__inner-container is-layout-constrained wp-block-group-is-layout-constrained\">\n<div class=\"wp-block-cover aligncenter\" style=\"margin-top:0;min-height:40vw;aspect-ratio:unset;\"><img loading=\"lazy\" decoding=\"async\" width=\"1024\" height=\"1536\" class=\"wp-block-cover__image-background wp-image-966\" alt=\"\" src=\"https:\/\/schutzschild.org\/wp-content\/uploads\/2025\/07\/ChatGPT-Image-28.-Juli-2025-17_01_47.png\" style=\"object-position:41% 25%\" data-object-fit=\"cover\" data-object-position=\"41% 25%\" srcset=\"https:\/\/schutzschild.org\/wp-content\/uploads\/2025\/07\/ChatGPT-Image-28.-Juli-2025-17_01_47.png 1024w, https:\/\/schutzschild.org\/wp-content\/uploads\/2025\/07\/ChatGPT-Image-28.-Juli-2025-17_01_47-200x300.png 200w, https:\/\/schutzschild.org\/wp-content\/uploads\/2025\/07\/ChatGPT-Image-28.-Juli-2025-17_01_47-683x1024.png 683w, https:\/\/schutzschild.org\/wp-content\/uploads\/2025\/07\/ChatGPT-Image-28.-Juli-2025-17_01_47-768x1152.png 768w, https:\/\/schutzschild.org\/wp-content\/uploads\/2025\/07\/ChatGPT-Image-28.-Juli-2025-17_01_47-600x900.png 600w\" sizes=\"auto, (max-width: 1024px) 100vw, 1024px\" \/><span aria-hidden=\"true\" class=\"wp-block-cover__background has-black-background-color has-background-dim-0 has-background-dim\"><\/span><div class=\"wp-block-cover__inner-container is-layout-flow wp-block-cover-is-layout-flow\">\n<div class=\"wp-block-media-text has-media-on-the-right is-stacked-on-mobile\"><div class=\"wp-block-media-text__content\">\n<p class=\"has-medium-font-size\">&#8230; Du fragst dich vielleicht:<\/p>\n\n\n\n<p class=\"has-medium-font-size\"><strong>Wie finde ich ein angemessenes Sicherheitsniveau f\u00fcr mich, mein Team oder meine Organisation?<\/strong><\/p>\n\n\n\n<p class=\"has-medium-font-size\"><strong>Welche rechtlichen und regulatorischen Anforderungen sind relevant \u2013 und was bedeutet das konkret f\u00fcr die Praxis?<\/strong><\/p>\n\n\n\n<p class=\"has-medium-font-size\"><strong>Wie setze ich Sicherheitsanforderungen so um, dass sie im Alltag wirklich funktionieren?<\/strong><\/p>\n\n\n\n<p class=\"has-medium-font-size\">In meinen&nbsp;<strong>Vorlesungen und Vortr\u00e4gen<\/strong>&nbsp;greife ich genau diese Fragen auf: verst\u00e4ndlich, praxisnah und mit vielen Beispielen. So entsteht Orientierung \u2013 und du nimmst konkrete Ans\u00e4tze und direkt umsetzbare Ma\u00dfnahmen mit.<\/p>\n\n\n\n<div class=\"wp-block-buttons is-layout-flex wp-block-buttons-is-layout-flex\">\n<div class=\"wp-block-button\"><a class=\"wp-block-button__link has-medium-font-size has-custom-font-size wp-element-button\" href=\"https:\/\/schutzschild.org\/?page_id=943\" style=\"border-radius:6px\">LASS UNS DR\u00dcBER SPRECHEN<\/a><\/div>\n<\/div>\n\n\n\n<p class=\"has-white-color has-text-color has-link-color wp-elements-fdd358071a96eff8b7d2a30db7617752\"><a href=\"https:\/\/schutzschild.org\/?page_id=336\" data-type=\"page\" data-id=\"336\">Ich m\u00f6chte mich \u00fcber die aktuellen Workshops informieren.<\/a><\/p>\n<\/div><figure class=\"wp-block-media-text__media\"><\/figure><\/div>\n<\/div><\/div>\n<\/div><\/div>\n\n\n\n<hr class=\"wp-block-separator has-alpha-channel-opacity\"\/>\n\n\n\n<h4 class=\"wp-block-heading has-medium-font-size\">Vortr\u00e4ge<\/h4>\n\n\n\n<p style=\"font-size:18px\">Gerne unterst\u00fctze ich&nbsp;dein Event&nbsp;mit einem unterhaltsamen, praxisnahen Vortrag \u2013 mit Live-Demos, echten F\u00e4llen und sofort umsetzbaren Tipps. Nachfolgend einige Beispiele:<\/p>\n\n\n\n<div class=\"wp-block-media-text is-stacked-on-mobile\"><figure class=\"wp-block-media-text__media\"><img loading=\"lazy\" decoding=\"async\" width=\"1024\" height=\"768\" src=\"https:\/\/schutzschild.org\/wp-content\/uploads\/2025\/09\/vortrag1-1024x768.jpeg\" alt=\"\" class=\"wp-image-995 size-full\" srcset=\"https:\/\/schutzschild.org\/wp-content\/uploads\/2025\/09\/vortrag1-1024x768.jpeg 1024w, https:\/\/schutzschild.org\/wp-content\/uploads\/2025\/09\/vortrag1-300x225.jpeg 300w, https:\/\/schutzschild.org\/wp-content\/uploads\/2025\/09\/vortrag1-768x576.jpeg 768w, https:\/\/schutzschild.org\/wp-content\/uploads\/2025\/09\/vortrag1-1536x1152.jpeg 1536w, https:\/\/schutzschild.org\/wp-content\/uploads\/2025\/09\/vortrag1-600x450.jpeg 600w, https:\/\/schutzschild.org\/wp-content\/uploads\/2025\/09\/vortrag1.jpeg 2016w\" sizes=\"auto, (max-width: 1024px) 100vw, 1024px\" \/><\/figure><div class=\"wp-block-media-text__content\">\n<h4 class=\"wp-block-heading has-medium-font-size\"><strong>Live Hacking: (Un-)Sicherheit zum Anfassen<\/strong><\/h4>\n\n\n\n<p style=\"font-size:18px\">Wer sich vor Hackern sch\u00fctzen will, muss ihre Vorgehensweisen kennen. Statt sich den x-ten Vortrag von sogenannten \u201eExperten\u201c \u00fcber m\u00f6gliche Angriffe und Bedrohungen anzuh\u00f6ren, k\u00f6nnt ihr euch anhand realer Szenarien, die euch als Live-Hacking pr\u00e4sentiert werden, informieren. <\/p>\n<\/div><\/div>\n\n\n\n<div class=\"wp-block-media-text has-media-on-the-right is-stacked-on-mobile\"><div class=\"wp-block-media-text__content\">\n<h4 class=\"wp-block-heading has-medium-font-size\"><strong>KRITIS: Critical Infrastructure Under Attack<\/strong><\/h4>\n\n\n\n<p style=\"font-size:18px\">Angriffe auf Energie, Wasser, Gesundheit und Ern\u00e4hrung sind keine Theorie mehr. In diesem Vortrag gehen wir anhand aktueller Vorf\u00e4lle live gemeinsam durch, wie Angreifer konkret vorgegangen sind und leiten m\u00f6gliche Verbesserungsma\u00dfnahmen ab.<\/p>\n<\/div><figure class=\"wp-block-media-text__media\"><img loading=\"lazy\" decoding=\"async\" width=\"1024\" height=\"768\" src=\"https:\/\/schutzschild.org\/wp-content\/uploads\/2025\/09\/vortrag3-1024x768.jpeg\" alt=\"\" class=\"wp-image-997 size-full\" srcset=\"https:\/\/schutzschild.org\/wp-content\/uploads\/2025\/09\/vortrag3-1024x768.jpeg 1024w, https:\/\/schutzschild.org\/wp-content\/uploads\/2025\/09\/vortrag3-300x225.jpeg 300w, https:\/\/schutzschild.org\/wp-content\/uploads\/2025\/09\/vortrag3-768x576.jpeg 768w, https:\/\/schutzschild.org\/wp-content\/uploads\/2025\/09\/vortrag3-1536x1152.jpeg 1536w, https:\/\/schutzschild.org\/wp-content\/uploads\/2025\/09\/vortrag3-600x450.jpeg 600w, https:\/\/schutzschild.org\/wp-content\/uploads\/2025\/09\/vortrag3.jpeg 2016w\" sizes=\"auto, (max-width: 1024px) 100vw, 1024px\" \/><\/figure><\/div>\n\n\n\n<div class=\"wp-block-media-text is-stacked-on-mobile\"><figure class=\"wp-block-media-text__media\"><img loading=\"lazy\" decoding=\"async\" width=\"1024\" height=\"768\" src=\"https:\/\/schutzschild.org\/wp-content\/uploads\/2025\/09\/vortrag2.jpeg\" alt=\"\" class=\"wp-image-996 size-full\" srcset=\"https:\/\/schutzschild.org\/wp-content\/uploads\/2025\/09\/vortrag2.jpeg 1024w, https:\/\/schutzschild.org\/wp-content\/uploads\/2025\/09\/vortrag2-300x225.jpeg 300w, https:\/\/schutzschild.org\/wp-content\/uploads\/2025\/09\/vortrag2-768x576.jpeg 768w, https:\/\/schutzschild.org\/wp-content\/uploads\/2025\/09\/vortrag2-600x450.jpeg 600w\" sizes=\"auto, (max-width: 1024px) 100vw, 1024px\" \/><\/figure><div class=\"wp-block-media-text__content\">\n<h4 class=\"wp-block-heading has-medium-font-size\"><strong>Nichts ist, wie es scheint: Ich, meine KI oder Du<\/strong><\/h4>\n\n\n\n<p style=\"font-size:18px\">W\u00e4re es nicht traumhaft, wenn du heute fr\u00fch nicht h\u00e4ttest aufstehen m\u00fcssen und dein Doppelg\u00e4nger\/dein Zwilling f\u00fcr dich auf Arbeit gehen oder an der Videokonferenz teilnehmen w\u00fcrde? Dank der fortschreitenden Technik kannst du deinem Traum aber einen deutlichen Schritt n\u00e4herkommen.<\/p>\n<\/div><\/div>\n\n\n\n<hr class=\"wp-block-separator has-alpha-channel-opacity\"\/>\n\n\n\n<div class=\"wp-block-buttons is-layout-flex wp-block-buttons-is-layout-flex\">\n<div class=\"wp-block-button has-custom-width wp-block-button__width-100 is-style-outline is-style-outline--1\"><a class=\"wp-block-button__link has-pale-cyan-blue-background-color has-background wp-element-button\" href=\"https:\/\/schutzschild.org\/?page_id=943\" style=\"border-radius:4px\">Ich stelle dir auch gerne ein individuelles Programm zusammen. Melde dich bitte bei mir.<\/a><\/div>\n<\/div>\n\n\n\n<hr class=\"wp-block-separator has-alpha-channel-opacity\"\/>\n\n\n\n<h4 class=\"wp-block-heading\">Masterclasses <\/h4>\n\n\n\n<p style=\"font-size:18px\">M\u00f6chtest du die Inhalte aus den Vortr\u00e4gen vertiefen oder praxisnah lernen, wie du testest oder dich verteidigst? Dann sichere dir jetzt deinen Platz in den Masterclasses.<\/p>\n\n\n\n<div class=\"wp-block-columns is-layout-flex wp-container-core-columns-is-layout-9d6595d7 wp-block-columns-is-layout-flex\">\n<div class=\"wp-block-column is-layout-flow wp-block-column-is-layout-flow\"><div class=\"wp-block-image\">\n<figure class=\"aligncenter size-full is-resized\"><img loading=\"lazy\" decoding=\"async\" width=\"640\" height=\"640\" src=\"https:\/\/schutzschild.org\/wp-content\/uploads\/2022\/05\/hacker-g55d4d7ac3_640-1.jpg\" alt=\"\" class=\"wp-image-531\" style=\"aspect-ratio:1.7777777777777777;object-fit:cover;width:406px;height:auto\" srcset=\"https:\/\/schutzschild.org\/wp-content\/uploads\/2022\/05\/hacker-g55d4d7ac3_640-1.jpg 640w, https:\/\/schutzschild.org\/wp-content\/uploads\/2022\/05\/hacker-g55d4d7ac3_640-1-300x300.jpg 300w, https:\/\/schutzschild.org\/wp-content\/uploads\/2022\/05\/hacker-g55d4d7ac3_640-1-150x150.jpg 150w, https:\/\/schutzschild.org\/wp-content\/uploads\/2022\/05\/hacker-g55d4d7ac3_640-1-600x600.jpg 600w\" sizes=\"auto, (max-width: 640px) 100vw, 640px\" \/><\/figure><\/div>\n\n\n<h4 class=\"wp-block-heading has-text-align-center\">Pentest Essentials&nbsp;(Pentest zum Anfassen)<\/h4>\n\n\n\n<p class=\"has-text-align-left\" style=\"font-size:18px\">In dieser Masterclass lernst du, wie ein Penetrationstest geplant, durchgef\u00fchrt und ausgewertet wird. Du stellst dir eine auf deine Bed\u00fcrfnisse angepasste Toolchain zusammen, erprobst sie praktisch und trainierst in realit\u00e4tsnahen Labs den gesamten Ablauf.<\/p>\n<\/div>\n\n\n\n<div class=\"wp-block-column is-layout-flow wp-block-column-is-layout-flow\"><div class=\"wp-block-image\">\n<figure class=\"aligncenter size-full is-resized\"><img loading=\"lazy\" decoding=\"async\" width=\"640\" height=\"432\" src=\"https:\/\/schutzschild.org\/wp-content\/uploads\/2022\/05\/data-gac0050d4e_640.jpg\" alt=\"\" class=\"wp-image-533\" style=\"aspect-ratio:1.7777777777777777;object-fit:cover;width:405px;height:auto\" srcset=\"https:\/\/schutzschild.org\/wp-content\/uploads\/2022\/05\/data-gac0050d4e_640.jpg 640w, https:\/\/schutzschild.org\/wp-content\/uploads\/2022\/05\/data-gac0050d4e_640-300x203.jpg 300w, https:\/\/schutzschild.org\/wp-content\/uploads\/2022\/05\/data-gac0050d4e_640-600x405.jpg 600w\" sizes=\"auto, (max-width: 640px) 100vw, 640px\" \/><\/figure><\/div>\n\n\n<h4 class=\"wp-block-heading has-text-align-center\">Forensic Readiness (IT-Forensik live erleben)<\/h4>\n\n\n\n<p style=\"font-size:18px\">In dieser Masterclass lernst du, bei Vorf\u00e4llen strukturiert und rechtssicher zu handeln, und entwickelst anhand aktueller F\u00e4lle ein f\u00fcr dich praxisnahes Vorgehen. Du stellst eine auf deine Bed\u00fcrfnisse angepasste Toolchain zusammen und erprobst diese anhand von realen, nachgestellten Vorf\u00e4llen.<\/p>\n\n\n\n<div class=\"wp-block-buttons is-layout-flex wp-block-buttons-is-layout-flex\"><\/div>\n<\/div>\n<\/div>\n\n\n\n<div class=\"wp-block-columns is-layout-flex wp-container-core-columns-is-layout-9d6595d7 wp-block-columns-is-layout-flex\">\n<div class=\"wp-block-column is-layout-flow wp-block-column-is-layout-flow\">\n<div class=\"wp-block-buttons is-layout-flex wp-block-buttons-is-layout-flex\">\n<div class=\"wp-block-button has-custom-width wp-block-button__width-100 is-style-outline is-style-outline--2\"><a class=\"wp-block-button__link has-black-color has-pale-cyan-blue-background-color has-text-color has-background has-link-color has-custom-font-size wp-element-button\" href=\"https:\/\/schutzschild.org\/?page_id=336\" style=\"border-radius:4px;font-size:18px\">weitere Informationen<\/a><\/div>\n<\/div>\n<\/div>\n<\/div>\n\n\n\n<hr class=\"wp-block-separator has-alpha-channel-opacity\"\/>\n\n\n\n<h4 class=\"wp-block-heading\">Blog<\/h4>\n\n\n<ul class=\"wp-block-latest-posts__list is-grid columns-3 wp-block-latest-posts\"><li><div class=\"wp-block-latest-posts__featured-image alignleft\"><img loading=\"lazy\" decoding=\"async\" width=\"150\" height=\"150\" src=\"https:\/\/schutzschild.org\/wp-content\/uploads\/2021\/03\/hacker-1569744_640-150x150.jpg\" class=\"attachment-thumbnail size-thumbnail wp-post-image\" alt=\"\" style=\"\" \/><\/div><a class=\"wp-block-latest-posts__post-title\" href=\"https:\/\/schutzschild.org\/?p=1064\">Verpackung auf, Daten weg?\u00a0<\/a><div class=\"wp-block-latest-posts__post-excerpt\">Fr\u00fcher war Verpackung: sch\u00fctzen, informieren, gut aussehen. Heute ist sie oft auch&nbsp;Einstiegspunkt in digitale Services: Scan den QR-Code, tapp den NFC-Tag, hol dir Infos zur Herkunft, Garantie, Recycling oder gleich&#8230;<\/div><\/li>\n<li><div class=\"wp-block-latest-posts__featured-image alignleft\"><img loading=\"lazy\" decoding=\"async\" width=\"150\" height=\"150\" src=\"https:\/\/schutzschild.org\/wp-content\/uploads\/2024\/11\/sun-95247_640-150x150.jpg\" class=\"attachment-thumbnail size-thumbnail wp-post-image\" alt=\"\" style=\"\" \/><\/div><a class=\"wp-block-latest-posts__post-title\" href=\"https:\/\/schutzschild.org\/?p=842\">Erntefest<\/a><div class=\"wp-block-latest-posts__post-excerpt\">\u201cHarvest now, decrypt later\u201d \u2013 jetzt ernten und sp\u00e4ter entschl\u00fcsseln. Was du heute nicht entschl\u00fcsseln kannst, verschiebe getrost auf morgen. Aktuell sind einige Verschl\u00fcsselungsalgorithmen so sicher, dass es praktisch unm\u00f6glich&#8230;<\/div><\/li>\n<li><div class=\"wp-block-latest-posts__featured-image alignleft\"><img loading=\"lazy\" decoding=\"async\" width=\"150\" height=\"150\" src=\"https:\/\/schutzschild.org\/wp-content\/uploads\/2024\/03\/logo_klein-150x150.jpg\" class=\"attachment-thumbnail size-thumbnail wp-post-image\" alt=\"\" style=\"\" srcset=\"https:\/\/schutzschild.org\/wp-content\/uploads\/2024\/03\/logo_klein-150x150.jpg 150w, https:\/\/schutzschild.org\/wp-content\/uploads\/2024\/03\/logo_klein-300x300.jpg 300w, https:\/\/schutzschild.org\/wp-content\/uploads\/2024\/03\/logo_klein-768x768.jpg 768w, https:\/\/schutzschild.org\/wp-content\/uploads\/2024\/03\/logo_klein-600x600.jpg 600w, https:\/\/schutzschild.org\/wp-content\/uploads\/2024\/03\/logo_klein.jpg 800w\" sizes=\"auto, (max-width: 150px) 100vw, 150px\" \/><\/div><a class=\"wp-block-latest-posts__post-title\" href=\"https:\/\/schutzschild.org\/?p=831\">KI in der (Grund-) Schule?<\/a><div class=\"wp-block-latest-posts__post-excerpt\">Dieses Mal f\u00fcr mich Premiere. Nachdem die letzten Vortr\u00e4ge zum Thema \u201eKI In der Schule\u201c f\u00fcr die Klassenstufen 6-7 stattgefunden haben, habe ich diesmal an einer Grundschule die Seiten gewechselt&#8230;<\/div><\/li>\n<\/ul>\n\n\n<hr class=\"wp-block-separator has-alpha-channel-opacity\"\/>\n\n\n\n<p><\/p>\n","protected":false},"excerpt":{"rendered":"<p>Vortr\u00e4ge Gerne unterst\u00fctze ich&nbsp;dein Event&nbsp;mit einem unterhaltsamen, praxisnahen Vortrag \u2013 mit Live-Demos, echten F\u00e4llen und sofort umsetzbaren Tipps. Nachfolgend einige Beispiele: Live Hacking: (Un-)Sicherheit zum Anfassen Wer sich vor Hackern&#8230;<\/p>\n","protected":false},"author":1,"featured_media":0,"parent":0,"menu_order":0,"comment_status":"closed","ping_status":"closed","template":"","meta":{"footnotes":""},"class_list":["post-867","page","type-page","status-publish","hentry"],"_links":{"self":[{"href":"https:\/\/schutzschild.org\/index.php?rest_route=\/wp\/v2\/pages\/867","targetHints":{"allow":["GET"]}}],"collection":[{"href":"https:\/\/schutzschild.org\/index.php?rest_route=\/wp\/v2\/pages"}],"about":[{"href":"https:\/\/schutzschild.org\/index.php?rest_route=\/wp\/v2\/types\/page"}],"author":[{"embeddable":true,"href":"https:\/\/schutzschild.org\/index.php?rest_route=\/wp\/v2\/users\/1"}],"replies":[{"embeddable":true,"href":"https:\/\/schutzschild.org\/index.php?rest_route=%2Fwp%2Fv2%2Fcomments&post=867"}],"version-history":[{"count":69,"href":"https:\/\/schutzschild.org\/index.php?rest_route=\/wp\/v2\/pages\/867\/revisions"}],"predecessor-version":[{"id":1063,"href":"https:\/\/schutzschild.org\/index.php?rest_route=\/wp\/v2\/pages\/867\/revisions\/1063"}],"wp:attachment":[{"href":"https:\/\/schutzschild.org\/index.php?rest_route=%2Fwp%2Fv2%2Fmedia&parent=867"}],"curies":[{"name":"wp","href":"https:\/\/api.w.org\/{rel}","templated":true}]}}